 List the prime factors of s(164).
2, 9643
Suppose -35*z - 1885 = -64*z. Suppose -54*n + z*n = 8470. List the prime factors of n.
2, 5, 7, 11
Suppose -4*h + 4*u = -28192, 4*h - 2*u = -7*u + 28219. List the prime factors of h.
11, 641
Let g = -811 - -814. Suppose g*d - 1400 = p, -d + 470 = -28*p + 27*p. List the prime factors of d.
3, 5, 31
Let c = 14206 + -8713. List the prime factors of c.
3, 1831
Let l(n) = 5792*n**2 - 401*n + 785. List the prime factors of l(2).
3, 7717
Let c(r) = 16*r + 15. Let i be c(-1). What are the prime factors of 334 + 10/35*(i - -15)?
2, 13
Let i = 24 + 333. Suppose -4*b + i = -k, 166 = 2*b - k + 3*k. What are the prime factors of b?
2, 11
Let n = -4931 - -4939. Suppose 4*i = r, -4*r + 5*i = 2*i. Suppose -n = 3*w + 2*t - 526, r = 3*w - 3*t - 543. List the prime factors of w.
2, 11
Suppose -3*b = -3*a + 113 + 49, 0 = -5*a + b + 262. Suppose 258*g - 358*g + 1300 = 0. Suppose d = a - g. What are the prime factors of d?
3, 13
Let p be ((2/5)/((-6)/(-120)))/1. What are the prime factors of p/(-4) - (6 + -20)?
2, 3
Let b = -2289 - -8114. List the prime factors of b.
5, 233
Suppose -17*f - 180 = -19*f. Let w = f + -86. Suppose -2*s + 539 = w*y + 59, 0 = 3*s + 4*y - 718. List the prime factors of s.
2, 7, 17
What are the prime factors of (-350)/1575 - (-81596)/9?
2, 3, 1511
Suppose 2*v + 72 + 0 = 0. Let m(k) = 95*k**2 - k + 4. Let a be m(-3). List the prime factors of (-8)/v - a/(-9).
2, 3
Let b(d) = 217*d**2 + 59*d - 171. List the prime factors of b(3).
3, 653
Let m be (3 - 5 - -1330)/(3 + -1). Let p = 966 - m. List the prime factors of p.
2, 151
Suppose 0 = -14*a + 79312 - 16912 + 114616. What are the prime factors of a?
2, 29, 109
Suppose -819 = 5*c - 2*t, 4*t - 334 = 3*c + 149. What are the prime factors of ((-77)/(-21))/((-5)/c)?
11
Let y be 3*((-68)/119)/((-6)/(-14)). List the prime factors of (1 - 0)/(1/y) + 284.
2, 5, 7
Suppose 181 + 551 = -6*h. Let o = h + 196. Suppose n - 2*t = -0*n + o, 0 = -4*n + 4*t + 280. What are the prime factors of n?
2, 3, 11
Let p = 27 - 27. Suppose -2*q + 2*o - 86 = p, 4*q = 3*q - 4*o - 43. Let i = q - -91. What are the prime factors of i?
2, 3
Let j = -237 - -237. Suppose j*m - 5*m = 3*d - 1074, 4*m - 4*d - 840 = 0. What are the prime factors of m?
3, 71
Suppose -4*x + 8 = -24. Suppose 0 = x*k - 5301 - 2875. List the prime factors of k.
2, 7, 73
Suppose -37*t = -28*t - 46377. List the prime factors of t.
5153
Suppose 29 + 95 = 5*k - 4*w, w + 121 = 5*k. Let z be 12*10/k*48/12. Suppose 0 = -2*r - z + 74. What are the prime factors of r?
3
Let a = -56597 - -88330. What are the prime factors of a?
13, 2441
Let z be (2 + (-4)/2)/(17 - 15). Suppose y + y - 62 = z. List the prime factors of (y*-2)/(-2 + 1).
2, 31
Let u(f) = 6*f - 20. Let r be u(-5). Let q = -50 - r. Suppose -3*a + 4*z + 370 = q, -2*a + a + 102 = 4*z. List the prime factors of a.
2, 59
Suppose -2*k - 2*s + 90 = 0, 5*s = 3*k - k - 83. Suppose -39*j + k*j - 225 = 0. Let w = 115 - j. What are the prime factors of w?
2, 5, 7
Let z be (5 + -2)/(8 - (-15995)/(-2000)). Suppose -w = 2*j - 135 - 264, -3*w + z = 5*j. List the prime factors of w.
3, 5
Let g(l) = 17*l - 41. Suppose -17 = z - 18. Let w(f) = -f. Let q(u) = z*g(u) + 6*w(u). List the prime factors of q(20).
179
Let w(s) = -127*s + 614. List the prime factors of w(2).
2, 3, 5
Suppose 5*v - 36 - 9 = 0. Let u(c) = 20*c + 4. Let j be u(v). Let s = -75 + j. List the prime factors of s.
109
Suppose -2*o - 4*m + 6 + 24 = 0, -21 = -o + 4*m. Suppose 3544 = o*z - 3341. What are the prime factors of z?
3, 5
Suppose 15*u - 36 = 69. Suppose -u*y - 6545 = -14*y. List the prime factors of y.
5, 11, 17
Let v(j) be the first derivative of 11*j**6/360 - 7*j**5/120 - j**4/4 - j**3 + 29. Let p(c) be the third derivative of v(c). What are the prime factors of p(4)?
2, 71
Suppose -4*f + 11 = 83. Let r be (-4)/f + 13359/27 + -3. Suppose r = 4*m + 72. List the prime factors of m.
3, 5, 7
Let y = 13 - -45. Let d = 117 + y. What are the prime factors of d?
5, 7
Suppose -28*y - 3*o = -32*y + 33932, -o + 42415 = 5*y. What are the prime factors of y?
17, 499
Let z(l) = -13*l + 23*l**2 + 7 - 16*l**2 - 48. What are the prime factors of z(-9)?
643
Let n be 5/(-10)*-6 - 6/6. Suppose -4*k + n*q = -3422, -k + 13*q + 850 = 18*q. List the prime factors of k.
3, 5, 19
Let p(h) = 3*h**2 - 200*h + 2788. List the prime factors of p(14).
2, 3
Suppose 2*f - 15 = -3*f. Let p = 17 + f. Let k = 62 - p. List the prime factors of k.
2, 3, 7
Let d(w) = -7*w**2 + 10*w - 17. Let x(t) = -7*t**2 + 10*t - 17. Let j(p) = 2*d(p) - 3*x(p). List the prime factors of j(5).
2, 71
Let a = -401 + 403. Suppose a*q = 5*q + 3*n - 2382, -3176 = -4*q - 5*n. What are the prime factors of q?
2, 397
Let t be -6 + 4 - (-4)/2. Let v(p) = -5*p + 130. Let w be v(t). Suppose 22*x - w = 17*x. List the prime factors of x.
2, 13
Let f(d) = -281*d - 431. Let m be f(-22). Suppose 3*z - 5745 = -2*z - 5*g, 2*g - m = -5*z. List the prime factors of z.
1151
Suppose 4*d - 32312 = -2*n, 4*n + 27*d = 29*d + 64594. Suppose -16*t - 3*t + n = 0. List the prime factors of t.
2, 5, 17
Let h(g) = 182*g**2 + 18*g + 155. What are the prime factors of h(-6)?
6599
Let r = -50963 - -85385. What are the prime factors of r?
2, 3, 5737
Let r(q) = 2*q**3 + 20*q**2 + q - 29. Let s(x) = -3*x**3 - 39*x**2 - x + 59. Let y(v) = 5*r(v) + 3*s(v). What are the prime factors of y(17)?
2, 3, 11
List the prime factors of 36 - 28 - (-197688)/6.
2, 7, 11, 107
Let a = 7 + 28. Let b = 86 - a. Suppose 57 = 2*q - b. List the prime factors of q.
2, 3
Let s(a) = a**3 + 11*a**2 + 17*a + 13. Let z = 97 + -67. Let l = z - 37. What are the prime factors of s(l)?
2, 3, 5
Let r = -3372 - -5200. Suppose 0 = 3*n + 9, 4*b - r = -5*n + 1733. What are the prime factors of b?
2, 3, 149
Suppose -4*c - 10 = -2. What are the prime factors of c - (-17)/((-102)/(-1080))?
2, 89
Let o(p) = 73*p**2 - 176*p - 91. List the prime factors of o(-20).
67, 487
Suppose 5*d - b = 102329, 3*d + 2*b - 63486 = -2099. What are the prime factors of d?
5, 4093
Let y(h) = -h**3 - 29*h**2 + 19*h - 53. Let k be y(-30). Let l = k - 83. What are the prime factors of l?
2, 97
Let u(m) = 133*m + 42. Let g be u(-7). Let o = 1394 + g. What are the prime factors of o?
5, 101
Suppose 2*g - 38850 = -3*m, 4*m + 93*g = 88*g + 51786. List the prime factors of m.
2, 3, 17, 127
Suppose 0 = 1936*q - 1963*q + 374625. List the prime factors of q.
3, 5, 37
Let j(g) = 30*g**3 - 7*g**2 + 82*g - 42. What are the prime factors of j(6)?
2, 3, 7, 53
Let d(l) = -12*l - 132. Let c be d(-11). List the prime factors of -1 - c/2 - (-1593)/27.
2, 29
Suppose 3*m + 5 = -2*b - 6, 0 = -5*m - 4*b - 15. Let h = m + -290. Let v = h - -482. What are the prime factors of v?
5, 37
Let t be (-2)/(10/(-1065))*(-4)/3. Let h be 1/(-4) - (-399)/(-4). Let x = h - t. List the prime factors of x.
2, 23
Let u(j) = j**3 + 33*j**2 + 17*j + 17. Let k be 9/(18/10) + -37. List the prime factors of u(k).
7, 71
Suppose -b - 3259 = -i, -5*i + 9771 = -2*i + 3*b. Let h = i + -2213. List the prime factors of h.
5, 11, 19
Let u(z) = 2*z**3 - 5*z**2 - 4*z - 3. Let y be u(-3). Let g be (9/(y/176))/((-2)/(-10)). Let c = -53 - g. What are the prime factors of c?
5, 7
Let d = -3201 - -5502. Suppose 0 = 10*p - d - 13299. List the prime factors of p.
2, 3, 5, 13
Let a = -1907 - -3341. List the prime factors of a.
2, 3, 239
Suppose 3*t + 4 = l + 3, 0 = t - 2*l + 2. Suppose -3*m + 44 + 1105 = t. List the prime factors of m.
383
Let q(u) = -3*u - 25. Let v be q(-9). Suppose 0 = 8*c - 34 + v. Suppose -c*j - r + 294 = r, -2*r = -4*j + 282. What are the prime factors of j?
2, 3
List the prime factors of 2/13 + (-5879720)/(-1001) + 5.
5879
Let b(o) = 6*o**3 - 6*o**2 - 47*o + 94. What are the prime factors of b(8)?
2, 3, 401
Let o be (-1 - -20)/((-1)/27). Let w = 1063 + o. List the prime factors of w.
2, 5, 11
Let n(i) = i**2 + 5*i - 55. Let p(f) = -f + 13. Let s(b) = n(b) + 4*p(b). Let g = 2 - -3. What are the prime factors of s(g)?
3
Let x(n) = -16*n**2 - 6*n + 2 - 5 + 10*n**2 - 11*n**2. Let d be x(-4). Let o = -167 - d. What are the prime factors of o?
2, 3, 7
Let m = 17874 - 11542. List the prime factors of m.
2, 1583
Suppose -2*t + 8 = 0, 0 = -3*k + 4*k - t + 4. Suppose -5*j - 847 = -2*b - 97, k =